{"id":106,"date":"2021-04-07T08:16:03","date_gmt":"2021-04-07T08:16:03","guid":{"rendered":"https:\/\/hornborgforsamlingshus.dk\/?page_id=106"},"modified":"2022-05-12T13:15:08","modified_gmt":"2022-05-12T13:15:08","slug":"stor-sal","status":"publish","type":"page","link":"https:\/\/hornborgforsamlingshus.dk\/?page_id=106","title":{"rendered":"Stor sal"},"content":{"rendered":"\t\t<div data-elementor-type=\"wp-page\" data-elementor-id=\"106\" class=\"elementor elementor-106\">\n\t\t\t\t\t\t<section class=\"elementor-section elementor-top-section elementor-element elementor-element-2a94b62 elementor-section-boxed elementor-section-height-default elementor-section-height-default\" data-id=\"2a94b62\" data-element_type=\"section\" data-e-type=\"section\">\n\t\t\t\t\t\t<div class=\"elementor-container elementor-column-gap-default\">\n\t\t\t\t\t<div class=\"elementor-column elementor-col-100 elementor-top-column elementor-element elementor-element-2e02ca4\" data-id=\"2e02ca4\" data-element_type=\"column\" data-e-type=\"column\">\n\t\t\t<div class=\"elementor-widget-wrap elementor-element-populated\">\n\t\t\t\t\t\t<div class=\"elementor-element elementor-element-6562dec elementor-widget elementor-widget-image\" data-id=\"6562dec\" data-element_type=\"widget\" data-e-type=\"widget\" data-widget_type=\"image.default\">\n\t\t\t\t<div class=\"elementor-widget-container\">\n\t\t\t\t\t\t\t\t\t\t\t\t\t\t\t<img fetchpriority=\"high\" decoding=\"async\" width=\"580\" height=\"435\" src=\"https:\/\/hornborgforsamlingshus.dk\/wp-content\/uploads\/2021\/04\/20200918_191220-1024x768.jpg\" class=\"attachment-large size-large wp-image-108\" alt=\"\" srcset=\"https:\/\/hornborgforsamlingshus.dk\/wp-content\/uploads\/2021\/04\/20200918_191220-1024x768.jpg 1024w, https:\/\/hornborgforsamlingshus.dk\/wp-content\/uploads\/2021\/04\/20200918_191220-300x225.jpg 300w, https:\/\/hornborgforsamlingshus.dk\/wp-content\/uploads\/2021\/04\/20200918_191220-768x576.jpg 768w, https:\/\/hornborgforsamlingshus.dk\/wp-content\/uploads\/2021\/04\/20200918_191220-1536x1152.jpg 1536w, https:\/\/hornborgforsamlingshus.dk\/wp-content\/uploads\/2021\/04\/20200918_191220-2048x1536.jpg 2048w, https:\/\/hornborgforsamlingshus.dk\/wp-content\/uploads\/2021\/04\/20200918_191220-1200x900.jpg 1200w, https:\/\/hornborgforsamlingshus.dk\/wp-content\/uploads\/2021\/04\/20200918_191220-1980x1485.jpg 1980w\" sizes=\"(max-width: 580px) 100vw, 580px\" \/>\t\t\t\t\t\t\t\t\t\t\t\t\t\t\t<\/div>\n\t\t\t\t<\/div>\n\t\t\t\t\t<\/div>\n\t\t<\/div>\n\t\t\t\t\t<\/div>\n\t\t<\/section>\n\t\t\t\t<section class=\"elementor-section elementor-top-section elementor-element elementor-element-d34a076 elementor-section-boxed elementor-section-height-default elementor-section-height-default\" data-id=\"d34a076\" data-element_type=\"section\" data-e-type=\"section\">\n\t\t\t\t\t\t<div class=\"elementor-container elementor-column-gap-default\">\n\t\t\t\t\t<div class=\"elementor-column elementor-col-100 elementor-top-column elementor-element elementor-element-ab19369\" data-id=\"ab19369\" data-element_type=\"column\" data-e-type=\"column\">\n\t\t\t<div class=\"elementor-widget-wrap elementor-element-populated\">\n\t\t\t\t\t\t<div class=\"elementor-element elementor-element-2c002ca elementor-widget elementor-widget-image\" data-id=\"2c002ca\" data-element_type=\"widget\" data-e-type=\"widget\" data-widget_type=\"image.default\">\n\t\t\t\t<div class=\"elementor-widget-container\">\n\t\t\t\t\t\t\t\t\t\t\t\t\t\t\t<img decoding=\"async\" width=\"580\" height=\"435\" src=\"https:\/\/hornborgforsamlingshus.dk\/wp-content\/uploads\/2021\/04\/image_6483441-7.jpg\" class=\"attachment-large size-large wp-image-109\" alt=\"\" srcset=\"https:\/\/hornborgforsamlingshus.dk\/wp-content\/uploads\/2021\/04\/image_6483441-7.jpg 960w, https:\/\/hornborgforsamlingshus.dk\/wp-content\/uploads\/2021\/04\/image_6483441-7-300x225.jpg 300w, https:\/\/hornborgforsamlingshus.dk\/wp-content\/uploads\/2021\/04\/image_6483441-7-768x576.jpg 768w\" sizes=\"(max-width: 580px) 100vw, 580px\" \/>\t\t\t\t\t\t\t\t\t\t\t\t\t\t\t<\/div>\n\t\t\t\t<\/div>\n\t\t\t\t\t<\/div>\n\t\t<\/div>\n\t\t\t\t\t<\/div>\n\t\t<\/section>\n\t\t\t\t<section class=\"elementor-section elementor-top-section elementor-element elementor-element-0a41444 elementor-section-boxed elementor-section-height-default elementor-section-height-default\" data-id=\"0a41444\" data-element_type=\"section\" data-e-type=\"section\">\n\t\t\t\t\t\t<div class=\"elementor-container elementor-column-gap-default\">\n\t\t\t\t\t<div class=\"elementor-column elementor-col-50 elementor-top-column elementor-element elementor-element-e190647\" data-id=\"e190647\" data-element_type=\"column\" data-e-type=\"column\">\n\t\t\t<div class=\"elementor-widget-wrap elementor-element-populated\">\n\t\t\t\t\t\t<div class=\"elementor-element elementor-element-0ada5e2 elementor-widget elementor-widget-image\" data-id=\"0ada5e2\" data-element_type=\"widget\" data-e-type=\"widget\" data-widget_type=\"image.default\">\n\t\t\t\t<div class=\"elementor-widget-container\">\n\t\t\t\t\t\t\t\t\t\t\t\t\t\t\t<img decoding=\"async\" width=\"580\" height=\"435\" src=\"https:\/\/hornborgforsamlingshus.dk\/wp-content\/uploads\/2021\/04\/IMG_9413-1024x768.jpg\" class=\"attachment-large size-large wp-image-140\" alt=\"\" srcset=\"https:\/\/hornborgforsamlingshus.dk\/wp-content\/uploads\/2021\/04\/IMG_9413-1024x768.jpg 1024w, https:\/\/hornborgforsamlingshus.dk\/wp-content\/uploads\/2021\/04\/IMG_9413-300x225.jpg 300w, https:\/\/hornborgforsamlingshus.dk\/wp-content\/uploads\/2021\/04\/IMG_9413-768x576.jpg 768w, https:\/\/hornborgforsamlingshus.dk\/wp-content\/uploads\/2021\/04\/IMG_9413-1536x1152.jpg 1536w, https:\/\/hornborgforsamlingshus.dk\/wp-content\/uploads\/2021\/04\/IMG_9413-2048x1536.jpg 2048w, https:\/\/hornborgforsamlingshus.dk\/wp-content\/uploads\/2021\/04\/IMG_9413-1200x900.jpg 1200w, https:\/\/hornborgforsamlingshus.dk\/wp-content\/uploads\/2021\/04\/IMG_9413-1980x1485.jpg 1980w\" sizes=\"(max-width: 580px) 100vw, 580px\" \/>\t\t\t\t\t\t\t\t\t\t\t\t\t\t\t<\/div>\n\t\t\t\t<\/div>\n\t\t\t\t\t<\/div>\n\t\t<\/div>\n\t\t\t\t<div class=\"elementor-column elementor-col-50 elementor-top-column elementor-element elementor-element-ff656c2\" data-id=\"ff656c2\" data-element_type=\"column\" data-e-type=\"column\">\n\t\t\t<div class=\"elementor-widget-wrap elementor-element-populated\">\n\t\t\t\t\t\t<div class=\"elementor-element elementor-element-acfa42c elementor-widget elementor-widget-text-editor\" data-id=\"acfa42c\" data-element_type=\"widget\" data-e-type=\"widget\" data-widget_type=\"text-editor.default\">\n\t\t\t\t<div class=\"elementor-widget-container\">\n\t\t\t\t\t\t\t\t\t<p style=\"text-align: center;\">S\u00e5dan kan din n\u00e6ste fest ser ud!<\/p>\t\t\t\t\t\t\t\t<\/div>\n\t\t\t\t<\/div>\n\t\t\t\t\t<\/div>\n\t\t<\/div>\n\t\t\t\t\t<\/div>\n\t\t<\/section>\n\t\t\t\t<section class=\"elementor-section elementor-top-section elementor-element elementor-element-8146ada elementor-section-boxed elementor-section-height-default elementor-section-height-default\" data-id=\"8146ada\" data-element_type=\"section\" data-e-type=\"section\">\n\t\t\t\t\t\t<div class=\"elementor-container elementor-column-gap-default\">\n\t\t\t\t\t<div class=\"elementor-column elementor-col-50 elementor-top-column elementor-element elementor-element-e067084\" data-id=\"e067084\" data-element_type=\"column\" data-e-type=\"column\">\n\t\t\t<div class=\"elementor-widget-wrap elementor-element-populated\">\n\t\t\t\t\t\t<div class=\"elementor-element elementor-element-5d1d89b elementor-widget elementor-widget-image\" data-id=\"5d1d89b\" data-element_type=\"widget\" data-e-type=\"widget\" data-widget_type=\"image.default\">\n\t\t\t\t<div class=\"elementor-widget-container\">\n\t\t\t\t\t\t\t\t\t\t\t\t\t\t\t<img loading=\"lazy\" decoding=\"async\" width=\"580\" height=\"435\" src=\"https:\/\/hornborgforsamlingshus.dk\/wp-content\/uploads\/2021\/04\/image_6483441-4.jpg\" class=\"attachment-large size-large wp-image-112\" alt=\"\" srcset=\"https:\/\/hornborgforsamlingshus.dk\/wp-content\/uploads\/2021\/04\/image_6483441-4.jpg 960w, https:\/\/hornborgforsamlingshus.dk\/wp-content\/uploads\/2021\/04\/image_6483441-4-300x225.jpg 300w, https:\/\/hornborgforsamlingshus.dk\/wp-content\/uploads\/2021\/04\/image_6483441-4-768x576.jpg 768w\" sizes=\"(max-width: 580px) 100vw, 580px\" \/>\t\t\t\t\t\t\t\t\t\t\t\t\t\t\t<\/div>\n\t\t\t\t<\/div>\n\t\t\t\t\t<\/div>\n\t\t<\/div>\n\t\t\t\t<div class=\"elementor-column elementor-col-50 elementor-top-column elementor-element elementor-element-7e49743\" data-id=\"7e49743\" data-element_type=\"column\" data-e-type=\"column\">\n\t\t\t<div class=\"elementor-widget-wrap elementor-element-populated\">\n\t\t\t\t\t\t<div class=\"elementor-element elementor-element-3bbd14c elementor-widget elementor-widget-text-editor\" data-id=\"3bbd14c\" data-element_type=\"widget\" data-e-type=\"widget\" data-widget_type=\"text-editor.default\">\n\t\t\t\t<div class=\"elementor-widget-container\">\n\t\t\t\t\t\t\t\t\t<p style=\"text-align: center;\">Bar med k\u00f8leskab til drikkevarer<\/p>\t\t\t\t\t\t\t\t<\/div>\n\t\t\t\t<\/div>\n\t\t\t\t\t<\/div>\n\t\t<\/div>\n\t\t\t\t\t<\/div>\n\t\t<\/section>\n\t\t\t\t<section class=\"elementor-section elementor-top-section elementor-element elementor-element-c170995 elementor-section-boxed elementor-section-height-default elementor-section-height-default\" data-id=\"c170995\" data-element_type=\"section\" data-e-type=\"section\">\n\t\t\t\t\t\t<div class=\"elementor-container elementor-column-gap-default\">\n\t\t\t\t\t<div class=\"elementor-column elementor-col-100 elementor-top-column elementor-element elementor-element-f4ce268\" data-id=\"f4ce268\" data-element_type=\"column\" data-e-type=\"column\">\n\t\t\t<div class=\"elementor-widget-wrap elementor-element-populated\">\n\t\t\t\t\t\t<div class=\"elementor-element elementor-element-a843da9 elementor-widget elementor-widget-image\" data-id=\"a843da9\" data-element_type=\"widget\" data-e-type=\"widget\" data-widget_type=\"image.default\">\n\t\t\t\t<div class=\"elementor-widget-container\">\n\t\t\t\t\t\t\t\t\t\t\t\t\t\t\t<img loading=\"lazy\" decoding=\"async\" width=\"580\" height=\"435\" src=\"https:\/\/hornborgforsamlingshus.dk\/wp-content\/uploads\/2021\/08\/IMG-2434-1024x768.jpg\" class=\"attachment-large size-large wp-image-271\" alt=\"\" srcset=\"https:\/\/hornborgforsamlingshus.dk\/wp-content\/uploads\/2021\/08\/IMG-2434-1024x768.jpg 1024w, https:\/\/hornborgforsamlingshus.dk\/wp-content\/uploads\/2021\/08\/IMG-2434-300x225.jpg 300w, https:\/\/hornborgforsamlingshus.dk\/wp-content\/uploads\/2021\/08\/IMG-2434-768x576.jpg 768w, https:\/\/hornborgforsamlingshus.dk\/wp-content\/uploads\/2021\/08\/IMG-2434-1200x900.jpg 1200w, https:\/\/hornborgforsamlingshus.dk\/wp-content\/uploads\/2021\/08\/IMG-2434.jpg 1242w\" sizes=\"(max-width: 580px) 100vw, 580px\" \/>\t\t\t\t\t\t\t\t\t\t\t\t\t\t\t<\/div>\n\t\t\t\t<\/div>\n\t\t\t\t\t<\/div>\n\t\t<\/div>\n\t\t\t\t\t<\/div>\n\t\t<\/section>\n\t\t\t\t<section class=\"elementor-section elementor-top-section elementor-element elementor-element-1d91753 elementor-section-boxed elementor-section-height-default elementor-section-height-default\" data-id=\"1d91753\" data-element_type=\"section\" data-e-type=\"section\">\n\t\t\t\t\t\t<div class=\"elementor-container elementor-column-gap-default\">\n\t\t\t\t\t<div class=\"elementor-column elementor-col-100 elementor-top-column elementor-element elementor-element-2419844\" data-id=\"2419844\" data-element_type=\"column\" data-e-type=\"column\">\n\t\t\t<div class=\"elementor-widget-wrap elementor-element-populated\">\n\t\t\t\t\t\t<div class=\"elementor-element elementor-element-93efb35 elementor-widget elementor-widget-image\" data-id=\"93efb35\" data-element_type=\"widget\" data-e-type=\"widget\" data-widget_type=\"image.default\">\n\t\t\t\t<div class=\"elementor-widget-container\">\n\t\t\t\t\t\t\t\t\t\t\t\t\t\t\t<img loading=\"lazy\" decoding=\"async\" width=\"580\" height=\"435\" src=\"https:\/\/hornborgforsamlingshus.dk\/wp-content\/uploads\/2021\/08\/IMG-2435-1024x768.jpg\" class=\"attachment-large size-large wp-image-270\" alt=\"\" srcset=\"https:\/\/hornborgforsamlingshus.dk\/wp-content\/uploads\/2021\/08\/IMG-2435-1024x768.jpg 1024w, https:\/\/hornborgforsamlingshus.dk\/wp-content\/uploads\/2021\/08\/IMG-2435-300x225.jpg 300w, https:\/\/hornborgforsamlingshus.dk\/wp-content\/uploads\/2021\/08\/IMG-2435-768x576.jpg 768w, https:\/\/hornborgforsamlingshus.dk\/wp-content\/uploads\/2021\/08\/IMG-2435-1200x900.jpg 1200w, https:\/\/hornborgforsamlingshus.dk\/wp-content\/uploads\/2021\/08\/IMG-2435.jpg 1242w\" sizes=\"(max-width: 580px) 100vw, 580px\" \/>\t\t\t\t\t\t\t\t\t\t\t\t\t\t\t<\/div>\n\t\t\t\t<\/div>\n\t\t\t\t\t<\/div>\n\t\t<\/div>\n\t\t\t\t\t<\/div>\n\t\t<\/section>\n\t\t\t\t<section class=\"elementor-section elementor-top-section elementor-element elementor-element-bcfcefa elementor-section-boxed elementor-section-height-default elementor-section-height-default\" data-id=\"bcfcefa\" data-element_type=\"section\" data-e-type=\"section\">\n\t\t\t\t\t\t<div class=\"elementor-container elementor-column-gap-default\">\n\t\t\t\t\t<div class=\"elementor-column elementor-col-100 elementor-top-column elementor-element elementor-element-f8d2fce\" data-id=\"f8d2fce\" data-element_type=\"column\" data-e-type=\"column\">\n\t\t\t<div class=\"elementor-widget-wrap elementor-element-populated\">\n\t\t\t\t\t\t<div class=\"elementor-element elementor-element-a67aebc elementor-widget elementor-widget-text-editor\" data-id=\"a67aebc\" data-element_type=\"widget\" data-e-type=\"widget\" data-widget_type=\"text-editor.default\">\n\t\t\t\t<div class=\"elementor-widget-container\">\n\t\t\t\t\t\t\t\t\t<p><span style=\"color: #000000;\">Stor sal m\u00e5ler ca 13 x 10 m<\/span><\/p><p><span style=\"color: #000000;\">Borde m\u00e5ler 80 x 180 cm<\/span><\/p><p><span style=\"color: #000000;\">Stole er ca 60 cm bred<\/span><\/p><p>\u00a0<\/p>\t\t\t\t\t\t\t\t<\/div>\n\t\t\t\t<\/div>\n\t\t\t\t\t<\/div>\n\t\t<\/div>\n\t\t\t\t\t<\/div>\n\t\t<\/section>\n\t\t\t\t<\/div>\n\t\t","protected":false},"excerpt":{"rendered":"<p>S\u00e5dan kan din n\u00e6ste fest ser ud! Bar med k\u00f8leskab til drikkevarer Stor sal m\u00e5ler ca 13 x 10 m Borde m\u00e5ler 80 x 180 cm Stole er ca 60 cm bred \u00a0<\/p>\n","protected":false},"author":1,"featured_media":0,"parent":0,"menu_order":0,"comment_status":"closed","ping_status":"closed","template":"","meta":{"footnotes":""},"class_list":["post-106","page","type-page","status-publish","hentry"],"_links":{"self":[{"href":"https:\/\/hornborgforsamlingshus.dk\/index.php?rest_route=\/wp\/v2\/pages\/106","targetHints":{"allow":["GET"]}}],"collection":[{"href":"https:\/\/hornborgforsamlingshus.dk\/index.php?rest_route=\/wp\/v2\/pages"}],"about":[{"href":"https:\/\/hornborgforsamlingshus.dk\/index.php?rest_route=\/wp\/v2\/types\/page"}],"author":[{"embeddable":true,"href":"https:\/\/hornborgforsamlingshus.dk\/index.php?rest_route=\/wp\/v2\/users\/1"}],"replies":[{"embeddable":true,"href":"https:\/\/hornborgforsamlingshus.dk\/index.php?rest_route=%2Fwp%2Fv2%2Fcomments&post=106"}],"version-history":[{"count":22,"href":"https:\/\/hornborgforsamlingshus.dk\/index.php?rest_route=\/wp\/v2\/pages\/106\/revisions"}],"predecessor-version":[{"id":322,"href":"https:\/\/hornborgforsamlingshus.dk\/index.php?rest_route=\/wp\/v2\/pages\/106\/revisions\/322"}],"wp:attachment":[{"href":"https:\/\/hornborgforsamlingshus.dk\/index.php?rest_route=%2Fwp%2Fv2%2Fmedia&parent=106"}],"curies":[{"name":"wp","href":"https:\/\/api.w.org\/{rel}","templated":true}]}}